or of m and u?
50
Suppose 0 = 145*u - 25023 - 7602. What is the greatest common factor of u and 30?
15
Let w(f) = 134*f + 1459. Let y be w(-8). Calculate the highest common factor of 99 and y.
9
Let y be (8512 - -5) + 61 + -66. What is the highest common factor of y and 399?
133
Suppose -3*v = -2*f - 20, 0*v = 3*f + 2*v + 43. Let o = f - 18. Let m = -24 - o. What is the highest common factor of m and 1?
1
Let v be (0 - -1) + -2 + 25/1. Suppose -v = -2*q + 26. Suppose 309 = 4*o - 191. Calculate the highest common factor of o and q.
25
Suppose 5*g - 2086 = 3*k, -3*g + 5*k + 1269 = 9*k. Let q = -113 + g. What is the highest common divisor of 90 and q?
18
Suppose -p - 4*q + 158 = 0, 5*p - 3*q + 293 - 1106 = 0. Suppose 3*t = 3, -2*t - 32 - 2 = -2*b. Calculate the highest common divisor of b and p.
18
Let j(v) = v**3 - 8*v**2 + 5*v + 6. Let i be j(5). Let h be 0 - 2/(1/(-16)*4). Let q be 15135/55 + h/i. Calculate the highest common divisor of q and 25.
25
Let m be (-1 - -1 - 52)*(-141)/12. Let b = -37 - -84. What is the greatest common factor of b and m?
47
Let k = 729 + -270. Calculate the greatest common divisor of k and 408.
51
Let s(p) = 2*p**3 - p**2 + p - 10. Let t be s(0). Let z = 297 + t. What is the greatest common factor of 82 and z?
41
Let g be (46/(-207)*18)/((-28)/63). Suppose 4*b - n - 3*n + 40 = 0, 14 = -3*b - n. Let j be (-2 + 26)/((-4)/b). What is the highest common divisor of g and j?
9
Suppose -3*q + 4*y = -296, 0 = 5*y - 17 + 12. What is the greatest common factor of 240 and q?
20
Let d(a) = 612*a**3 - 14*a**2 + 36*a - 10. Let w be d(2). What is the highest common factor of w and 114?
114
Suppose -6 + 42 = 6*o. Let i be (-6)/9*258/(-8)*o. What is the greatest common factor of i and 43?
43
Let k = 2538 - -740. What is the greatest common divisor of k and 66?
22
Let l = 3823 + -1918. Calculate the greatest common factor of l and 15.
15
Let l be (-87)/(-29)*(-838)/6. Let o = 764 + l. Calculate the highest common factor of o and 69.
69
Let v be ((-312)/182)/((-40)/(-28))*-30. Calculate the highest common divisor of 48 and v.
12
Let f(i) = 2*i**2 + 18*i - 223. Let p be f(-16). Calculate the greatest common divisor of 121 and p.
1
Suppose -f - y = -13125, y + 83618 - 18023 = 5*f. Calculate the greatest common divisor of 205 and f.
205
Let l(u) = -2*u + 7. Let a be l(2). Let r = 36 - a. Suppose r = 4*x + 13. Calculate the highest common divisor of x and 25.
5
Let b = -38 + 49. Suppose 8*h - b*h + 343 = -p, -h + p + 115 = 0. Calculate the greatest common factor of h and 152.
38
Let q = 52 + -7. Suppose 0*p - p + 1213 = 5*n, 5*p + 10 = 0. Let w = n - 153. Calculate the greatest common factor of w and q.
45
Suppose -9*f + 6*f + 1737 = 0. Let o = -181 + f. Suppose -8*n + o = -282. What is the highest common factor of n and 34?
17
Let t = -6743 - -7367. What is the highest common divisor of 324 and t?
12
Let z(x) = -10*x**3 - 100*x**2 - 9*x - 22. Let u be z(-10). Calculate the highest common factor of u and 561.
17
Let u(a) = 67*a - 1. Suppose 5*b + 4 + 3 = -3*h, 5*h - 3*b - 11 = 0. Let s be u(h). What is the highest common factor of 528 and s?
66
Let u = 172 + -166. Let j(b) = -b**2 + 18*b - 24. Let a be j(u). Calculate the greatest common divisor of 18 and a.
6
Let s = 311 + -296. Let c(t) = -t**3 + 15*t**2 + 50. Let r be c(s). Calculate the highest common factor of r and 125.
25
Let v = -2841 + 3233. What is the greatest common factor of v and 49?
49
Let a be 19/(-3 - (1840/75)/(-8)). Suppose 20*o - a = 5*o. What is the highest common divisor of 171 and o?
19
Let r be (330/(-231))/((-132)/(-28) + -5). Let z be 2 + 9/(3/(-1)). Let i be -1*(11 + z)*-4. Calculate the highest common factor of r and i.
5
Suppose 43*c = 49*c - 66. Let g be -7 - -2 - -1*c. Calculate the greatest common factor of g and 18.
6
Let n = -5680 - -5683. Calculate the greatest common divisor of 1137 and n.
3
Suppose 9*d + 12 = 12. Suppose 27*j + 4*j - 186 = d. What is the greatest common divisor of 102 and j?
6
Let t = -6544 - -6672. What is the greatest common factor of 216 and t?
8
Suppose 489*j - 45 = 488*j. Suppose -5*b + 210 = -j. Calculate the highest common divisor of b and 408.
51
Let v be -6 + 224/40 + 24/10. Suppose -v*i - 3*t + 51 = 0, 8*t = 3*i + 3*t - 48. Calculate the greatest common divisor of i and 168.
21
Let w = 196 + -177. Suppose -624*k - 456 = -632*k. Calculate the greatest common divisor of k and w.
19
Suppose -41*b - 32442 + 51656 = -37366. What is the greatest common factor of 120 and b?
60
Let l be 2/5 + 64/(-10). Let o be 10/(l/4 + 2). Suppose -62*y + 2307 = -4089 + 1436. What is the greatest common divisor of o and y?
20
Let g = -21 - -65. Let b = -1369 - -1677. What is the highest common divisor of g and b?
44
Let r be (204/(-63))/((-210)/2205). What is the greatest common divisor of 7378 and r?
34
Suppose 3*k = 3*w, 3 + 5 = 4*w - 2*k. Suppose 0 = 5*p - w*f + 2*f - 8098, 1615 = p - 5*f. What is the greatest common divisor of p and 18?
18
Suppose -20*a + 46760 = 2*s - 16*a, 2*s - 4*a - 46744 = 0. Calculate the greatest common divisor of 48 and s.
48
Let p be (31/(-31))/(1/(-2852)). Suppose -2*u = 2*c - 6*u - 1426, -5*u = -4*c + p. Calculate the greatest common divisor of c and 31.
31
Let h(l) = l**2 + 25*l - 242. Let j be h(-35). Let u be (0 - j/(-14)) + (-602)/(-2107). Calculate the highest common factor of 88 and u.
8
Suppose -85*i + 4*p = -80*i - 1606, 0 = -2*i - 3*p + 647. What is the greatest common factor of i and 266?
14
Let x be 12/(37 - 1) + 164696/21. What is the greatest common divisor of 506 and x?
253
Suppose 5*b - 22 + 2 = 0. Suppose -47 - 57 = -4*m. Let s be 2 + 1 + 3 + m. What is the greatest common divisor of b and s?
4
Suppose 7*z + 103 = -44. Let u(n) = -n**3 - 20*n**2 + 22*n + 28. Let j be u(z). Suppose 0 = -k + j*k - 192. What is the greatest common divisor of 24 and k?
8
Let s = 5817 - 5793. Suppose 0*z = -2*z + 24. Calculate the greatest common divisor of s and z.
12
Let q be ((-30)/7)/(3/(-21)). Suppose 2*t = -3*n + 219, -2*n = 4*t - 557 + 131. What is the highest common factor of q and t?
15
Suppose -227*u - 20372 = -65318. What is the highest common divisor of u and 330?
66
Suppose 45*a + 1740 = 74*a. Calculate the highest common factor of 7620 and a.
60
Let f be (2034/(-135) - -15) + 3244/60. What is the highest common factor of 1020 and f?
6
Let p = 533 - 1779. Let y be 6 + (p - -8)/(-2). What is the greatest common divisor of 25 and y?
25
Let g = -37213 + 37333. Calculate the greatest common divisor of g and 184.
8
Let o be ((-561)/(-22) + 12)*16/6. Calculate the highest common factor of 1450 and o.
50
Suppose 4*c + 4*g - 1351 - 5637 = 0, 0 = -5*c + 4*g + 8708. Calculate the highest common factor of c and 40.
8
Let w(h) = 42*h - 27*h - 193 + 52 - 76. Let r be w(15). Suppose -4 = -3*c + 2. Calculate the highest common divisor of r and c.
2
Let u = -1404 + 1542. What is the greatest common divisor of 2645 and u?
23
Suppose 0 = 3*w - 3*d - 78 - 801, 3*w + 4*d - 893 = 0. What is the highest common factor of w and 1239?
59
Suppose -a = 0, -z + a = 3*z + 60. Let n be 5/z*(0 + -42). Suppose u - 2*p = 7, 3*p = 120*u - 118*u - 14. What is the highest common divisor of u and n?
7
Let v(y) = -y**2 + 22*y + 9. Let f be v(16). Let j be (15 + 0 - 9) + f. What is the greatest common divisor of 37 and j?
37
Suppose -40 = -2*l - 2. Let c(j) = -15*j**2 - 62*j**3 - j + 15*j + 63*j**3 + l. Let g be c(14). What is the highest common divisor of 171 and g?
19
Suppose -359*y + 364*y = -12545. Let c be y/(-12) - (-1)/(-12). Calculate the highest common divisor of c and 19.
19
Let b = 13236 + -13133. What is the highest common factor of 11639 and b?
103
Suppose 21*b - 114727 - 171962 = -85089. Calculate the greatest common factor of 150 and b.
150
Let u be (-112)/(-49)*84/2. What is the highest common divisor of u and 1296?
48
Suppose -4*p + 1624 = 3*p. Let s(q) = -8*q + 229. Let h be s(25). Calculate the highest common factor of p and h.
29
Suppose -5196 = 36*h + 73*h - 36479. What is the highest common factor of h and 56?
7
Let g = -167 - -142. Let r = g + 33. Calculate the greatest common divisor of 64 and r.
8
Let q(v) = -4*v**3 + v + 1. Let u be q(-1). Suppose -r - 4*n + 1180 = u*r, 0 = r - 5*n - 265. Calculate the greatest common